d n?
16
Suppose 0 = 3*h + k - 2, 0*k = -5*h + k + 14. Suppose -2*u - h = -3*l, l + l - 13 = -u. What is the highest common divisor of l and 4?
4
Let q be (-32 - 1)*(-44)/6. Calculate the greatest common divisor of q and 22.
22
Suppose -7*h + h = -672. Calculate the greatest common factor of h and 7.
7
Let z = 2 + -2. Let a(w) = -w**2 + 5*w. Let y be a(3). Suppose 3*u + z*u - y = 0. What is the highest common divisor of u and 2?
2
Let z(y) = 29*y**2 + 2*y + 4. Let a be z(3). Let j = a - 187. Suppose -i + 12 = -0*i. Calculate the greatest common factor of i and j.
12
Let d be 144*(40/(-12))/(-5). Calculate the highest common divisor of d and 6.
6
Let a = 4 - 0. Suppose 2*t - a = t. Calculate the greatest common factor of 4 and t.
4
Let q(i) = i**3 - 18*i**2 + i + 21. Let c be q(18). What is the greatest common factor of 26 and c?
13
Let x(z) = z**3 - z**2 - 2*z + 2. Let k be x(2). Let t be (-2)/k - 12/(-4). What is the highest common factor of 6 and t?
2
Let d(q) = 6*q**2 - 5*q - 1. Let j be d(-2). What is the greatest common factor of 231 and j?
33
Let a(v) = -10*v - 1. Let o(p) = 10*p + 1. Let t(u) = -2*a(u) - 3*o(u). Let k be t(-1). Suppose 5*c - k = 121. What is the greatest common divisor of c and 13?
13
Let z(p) = p**2 + 5*p + 3. Let b be z(-4). Let l be 2*(80/(-2))/b. Let t(h) = 15*h + 1. Let c be t(1). Calculate the highest common divisor of l and c.
16
Let z(o) = -o**2 - 13*o - 19. Let g be z(-8). What is the highest common divisor of 21 and g?
21
Let m(v) = -3*v - 6. Let a be m(-8). Let h be -3*(-2)/8*4. Suppose -h*i + z + 433 = 0, -2*z + z + 431 = 3*i. What is the highest common factor of i and a?
18
Let w = 6 - 2. Let u(l) = 3*l**2 + l + 2. Let d be u(2). Suppose 5*s - d = -4*a, -w*s + a = -5*s + 3. Calculate the highest common divisor of s and 4.
4
Suppose -i - 2*p = -5, -8*i + 3*i - 5*p + 40 = 0. Calculate the greatest common divisor of i and 11.
11
Let b be 6/21 - 552/(-28). What is the greatest common factor of b and 80?
20
Let f(r) be the first derivative of -1 + 1/2*r**2 + 13*r. Let c be f(-6). What is the highest common factor of c and 21?
7
Suppose 138 = q + 2*q. Suppose q = 4*h - 34. What is the greatest common divisor of h and 160?
20
Suppose w = 5*w - 180. Let f(l) = -l + 5. Let m be f(7). Let p = m - -17. Calculate the highest common divisor of p and w.
15
Let n be (-1 - -10)*1/3. Let d(y) = 4*y**2 + 2*y + 3. Let s be d(n). What is the greatest common divisor of 15 and s?
15
Let k = -20 - -65. What is the highest common divisor of 9 and k?
9
Suppose 0 = -4*a + 308 + 44. Calculate the highest common factor of 11 and a.
11
Let i = -59 - -324. Suppose -40 = -o + 3*g + 25, 5*o + 5*g = i. Calculate the highest common factor of 8 and o.
8
Let j(x) = -120*x**3 - x**2 - x. Let q be j(-1). What is the greatest common divisor of q and 15?
15
Let h be (-3)/(-2) - 257/(-2). Let j be 2/(-7) + h/14. Calculate the highest common divisor of j and 1.
1
Let z = 21 + -13. Suppose 0 = -g + 49 + 23. Calculate the highest common divisor of g and z.
8
Suppose 2*c + 38 = 2*n - 32, -143 = -4*n + c. Let g = -12 + n. Calculate the highest common divisor of g and 3.
3
Suppose -3*k = 5*i - 79, 2*i - 87 = -5*k + 13. What is the highest common factor of 27 and k?
9
Suppose 3*m = -4*s + 6*m + 49, 0 = -3*s - 3*m + 21. Calculate the greatest common divisor of s and 80.
10
Let r = -29 + 17. Let c = r + 16. What is the greatest common divisor of c and 36?
4
Suppose 3*k + 6 = 2*j, 0 = -3*k - 4*j - 1 - 5. Let l(w) = -11*w - 4. Let p be l(k). What is the highest common factor of 9 and p?
9
Suppose 0*g = 2*g - 410. Let c = -71 - -111. Suppose 0 = 5*j + c - g. Calculate the greatest common factor of 3 and j.
3
Let s(y) = -y + 3. Let r be s(3). Let w be (6 + r)/(-1 + 3). Suppose 0*t + 48 = w*t. Calculate the highest common divisor of t and 8.
8
Suppose 0 = v - 5*q - 172, -4*q + 664 = 4*v - 0*v. Suppose -6*o + 4*o + 5*x + v = 0, 3*x - 321 = -4*o. Calculate the greatest common divisor of 9 and o.
9
Suppose 3*z - 3*n = 4*z, -z + 5 = 2*n. What is the highest common divisor of 45 and z?
15
Let h(m) = 8*m. Let g be h(2). Let a = 125 + -117. Calculate the highest common divisor of a and g.
8
Let u = 643 - 330. Suppose v - x + 437 = 4*v, -2*v - 5*x = -u. Let q be -4 + 1 + 3 - -16 - 0. Calculate the highest common factor of v and q.
16
Suppose a - 4 = 5*a. Let f be 17 + (-1 + a - 1). Calculate the highest common divisor of f and 126.
14
Let a(k) = 4*k. Let l be a(2). Suppose -4*p + p + 168 = 0. What is the greatest common factor of l and p?
8
Let u = -2 - -2. Let w be ((-8)/10)/(4/(-20)). Suppose u = -m - w*m + 65. What is the highest common divisor of m and 104?
13
Let b = 7 + 19. Let t = -24 - -54. Let u = -17 + t. Calculate the highest common factor of b and u.
13
Let h be 187/(-44) + (-2)/(-8). Let b be h/(-12)*0 + 1. What is the highest common factor of b and 5?
1
Suppose 4*u - 3*x + 4 = 84, -4*u = 3*x - 56. Calculate the highest common divisor of u and 34.
17
Let t = 69 - 49. Suppose 4 = -4*q, 2*s - 4*s = 5*q - 7. Let j be (-1 + 9/s)*t. What is the greatest common divisor of j and 10?
10
Suppose 0 = v + 32 - 215. Let w = v - 113. Suppose 2*q - 2*z = 24 + 52, 0 = 2*q + z - w. Calculate the highest common divisor of 12 and q.
12
Suppose 7*q - 231 - 217 = 0. What is the highest common divisor of 48 and q?
16
Let f = 8 + -28. Let g = 37 + f. What is the highest common factor of 51 and g?
17
Suppose 0*i - 4 = -2*p + i, i = -p - 4. Let m be p + 24/(-1 - -3). Calculate the greatest common factor of m and 84.
12
Suppose -292 = -4*j + 3*p, -4*j + 5*j + 3*p = 88. What is the highest common divisor of 38 and j?
38
Let j = -2 + 2. Let l be (1 - j) + 130 + -6. Suppose -5*b + 4*b = 3, -5*t = 5*b - l. Calculate the greatest common divisor of 7 and t.
7
Let y = 150 + -210. Let s be (y/18)/(2/(-6)). Let h(m) = m - 2. Let x be h(4). What is the greatest common divisor of s and x?
2
Let i be (-30)/(6/(-16) + 0). What is the highest common factor of i and 10?
10
Let b(h) = -13*h + 7. Let i be b(-5). Let v = -11 + 2. Let n = 0 - v. What is the greatest common factor of n and i?
9
Let y(l) = -l**3 - 5*l**2 + 6*l + 5. Let u be y(-5). Let i be 5*2*(-30)/u. What is the greatest common divisor of i and 36?
12
Let n(i) be the third derivative of -i**6/120 + i**5/10 - i**4/6 + 7*i**3/6 + i**2. Let z be n(5). What is the greatest common divisor of z and 132?
12
Let u = 20 + -15. What is the greatest common factor of u and 20?
5
Let y = 0 + 1. Calculate the greatest common factor of 3 and y.
1
Let r(f) = f - 1. Let y be r(4). Suppose -m - 14 - 8 = 3*z, -y*m - 42 = 3*z. Let g be (-4)/10 + (-124)/m. Calculate the highest common factor of 84 and g.
12
Suppose 0*o + 39 = 3*o. Let z be o/(-2)*(0 + -10). What is the highest common divisor of 13 and z?
13
Let g = -36 - -51. What is the greatest common divisor of 6 and g?
3
Let b be 4/(-10)*-5*9. What is the highest common divisor of 45 and b?
9
Let t be 67*3/((-9)/(-15)). Suppose -8*h = -3*h - t. Suppose 3*a - 17 = h. What is the greatest common factor of 7 and a?
7
Let n(j) = -j**2 - 1. Let d be n(0). Let v = 9 + d. Calculate the greatest common divisor of 32 and v.
8
Suppose 5*x - 426 - 294 = 0. Let n be 2/8 - 71/(-4). Calculate the highest common factor of n and x.
18
Suppose -4*q = -7*q + 288. Calculate the greatest common factor of 144 and q.
48
Let s be 42*(2 + 16/(-14)). What is the greatest common factor of 27 and s?
9
Let o = -5 + 8. Calculate the highest common factor of 1 and o.
1
Suppose -l + 76 = 2*s, 2*s - 124 = -s + l. Let v = 11 + -6. Suppose v*x - s = x. What is the greatest common factor of 50 and x?
10
Let d be ((-27)/(-4))/((-9)/(-24)). Let q(m) = 38*m. Let l(c) = c. Let g(x) = 22*l(x) - 2*q(x). Let r be g(-3). What is the greatest common factor of d and r?
18
Let o = 17 - 9. Let f(d) = -d**3 + 8*d**2 + 5. Let x be f(o). What is the highest common factor of x and 15?
5
Let o = 4 - 0. Let z be o/(-22) + 1214/22. Suppose 0 = j + p - 1, 5*p - 4*p - 11 = -3*j. What is the highest common factor of j and z?
5
Let o be (22/6)/(6/234). What is the highest common factor of 13 and o?
13
Let y = 3 - -32. Let z = 20 + -11. Suppose -5*u = -4*q - 21, -4*u = -2*u - q - z. What is the highest common factor of y and u?
5
Let g(p) = -p**3 + 6*p*